a(h) = 14*h - 6. What is the remainder when 64 is divided by a(2)?
20
Let f(i) = i**3 + 4*i**2 - i + 2. Let n be (-82 + -1*2)*-1. Suppose 110 = 3*z + 4*o + o, -2*z = -2*o - n. What is the remainder when z is divided by f(-3)?
12
Suppose 15 = 3*g, -h = g - 2*g + 41. Calculate the remainder when (-2907)/h + 1/4 is divided by 28.
25
Let f = -3 - -5. Suppose 0 = p - f*p + 10. What is the remainder when 29 is divided by p?
9
Let d(n) = 35*n + 29. Let v(y) = 6 + 4 + 7*y + 5*y + 0. Let x(a) = -6*d(a) + 17*v(a). Calculate the remainder when x(-5) is divided by 9.
8
Let b be (-1)/(0 - -1) - 3. Let v be ((-42)/(-12))/((-2)/b). Suppose 0 = -v*m + 2*m + 115. What is the remainder when m is divided by 12?
11
Suppose 0*h = -5*h + 20. Suppose -5*l = -14 + h. Suppose x - 3 = 2*b, -l*b = 2*b. What is the remainder when x is divided by 2?
1
Suppose 6*u = -0*u + 162. What is the remainder when u is divided by 7?
6
Let x(q) = -q**3 - 3*q**2 + 3. Let v be x(-3). Suppose k - 32 = -v*k. What is the remainder when 22 is divided by k?
6
Let i = -3 - -25. Calculate the remainder when 56 is divided by i.
12
Let s(b) = -35*b. Calculate the remainder when s(-1) is divided by 1*2*(-4 - -10).
11
Let o(y) = 2*y**2 + y**2 + 1 + 2*y + 9*y**3 - 8*y**3. Let v be o(-1). Suppose -6*j = -j + 3*t - v, 5*j + 5 = -5*t. What is the remainder when 3 is divided by j?
1
Suppose 0 = 2*x + x - 12. Calculate the remainder when 18 is divided by x.
2
What is the remainder when ((-4)/5)/(12/(-1020)) is divided by 23 - -1*0/(-2)?
22
Suppose 405 = -13*f + 1523. Calculate the remainder when f is divided by 13.
8
Let c(f) = f**3 - 13*f**2 + 8*f + 11. Calculate the remainder when c(13) is divided by 39.
37
Let m(f) = f**3 + 10*f**2 + 5*f - 12. What is the remainder when m(-9) is divided by 13?
11
Let g = -45 - -69. Calculate the remainder when 95 is divided by g.
23
Let i(j) = 13*j - 4. Let p be i(3). Suppose -95 + p = -3*b. Calculate the remainder when b is divided by 11.
9
Let f(v) = -v**2 - 9*v + 6. Let n(z) = z - 10. Calculate the remainder when f(-8) is divided by n(19).
5
Let k(d) = d**3 + 7*d**2 + 2. Let i be k(-7). Suppose 2*v + 16 = -i*v. What is the remainder when 9 is divided by (-95)/(-20) + 3/v?
1
Let h be ((-6)/12)/((-1)/2). Suppose -10 + 64 = 2*g. What is the remainder when g is divided by 17/h - (1 + 1)?
12
Suppose 3*k + 3*i - 42 = 18, 4*i - 42 = -2*k. Let y = -20 - k. What is the remainder when y*(0 - 4/3) is divided by 18?
16
Let g(a) = -a**2 + 3*a. Let w be g(3). Suppose 58 = 2*b - w*b. Calculate the remainder when b is divided by -2 - (-17)/(2 + -1).
14
Suppose -5*v = -v. Suppose v = 5*t - 3 - 2. Calculate the remainder when (-2)/(-2)*13*t is divided by 5.
3
Let t(p) = p - 12. Let a be t(12). Suppose -3*i + z + 62 = a, 40 + 4 = 2*i + 2*z. What is the remainder when i is divided by 12?
9
Suppose -4*m + 46 = -30. What is the remainder when m is divided by 7?
5
Suppose 22 + 8 = 2*o - k, 48 = 4*o + k. Let g be 26/6 + 2/3. Suppose -g*m - 15 = -40. Calculate the remainder when o is divided by m.
3
Let o(n) = -n**3 + 6*n**2 + 8*n + 1. Let u be o(7). Let b = 11 - u. What is the remainder when 4 is divided by b?
1
Suppose 3*b - 2*b - 174 = 0. What is the remainder when (b/(1 - 4))/(-2) is divided by 16?
13
Suppose 5*r - 20 = -5. What is the remainder when 3 is divided by r?
0
Let f = 1 - -27. What is the remainder when 111 is divided by f?
27
Let j(b) = b**3 + 8*b**2 + 4*b - 5. Let c be j(-7). Suppose k = -m + 10, -c - 4 = 4*k. What is the remainder when 29 is divided by m?
14
Let i be -1 + (1 - 1) + 3. Let k = 7 + i. Let j(b) = -3*b - 4. What is the remainder when k is divided by j(-3)?
4
Let j be -3 - -1*(-1 - -4). Suppose j = 5*w - 5*p + 195, -w - 15 = -5*p + 44. Let h = 20 - w. Calculate the remainder when h is divided by 14.
12
Suppose 4*a - 39 = 13. Suppose 3*l - 4*n - 22 = a, -4*l + 5 = 3*n. Suppose -l*v + 0*v = -15. Calculate the remainder when v is divided by 2.
1
Suppose 3 = w - 0. Calculate the remainder when 3 is divided by w.
0
Let s = 3 - -2. Let w be (-6)/21 - 30/(-7). Suppose -w*o = -5*o + 18. Calculate the remainder when o is divided by s.
3
What is the remainder when 19 is divided by 7*((-4)/2 + 3)?
5
Let j = 5 - -12. Suppose m - 4 = 2. What is the remainder when j is divided by m?
5
Let s be (-1)/(-5) - (-56)/20. Suppose 4*u + 1 = -s. Calculate the remainder when 7 is divided by 1*1*(4 + u).
1
Let h(w) = w**3 + 6*w**2 + 5*w + 2. Calculate the remainder when 7 is divided by h(-5).
1
Suppose x - 8 - 22 = 5*v, 3*v = 4*x - 35. What is the remainder when v*(-3)/(-6)*-6 is divided by 6?
3
Suppose 2*m + 146 = 6*m - 5*a, -4*a = 8. Suppose -f + 9*f = 96. What is the remainder when m is divided by f?
10
What is the remainder when (384/(-56))/((-2)/14) is divided by 25?
23
Let n(m) be the first derivative of m**2/2 - 2*m + 1. Suppose -3*r + 4*q + 15 = 0, 0 = 5*r + 4*q - 68 + 11. Calculate the remainder when 20 is divided by n(r).
6
Let l be (-9 - 2) + 3 + 0. Let f(m) = -11*m - 6. Calculate the remainder when f(l) is divided by 21.
19
Calculate the remainder when 13/(-26) + 69/2 + -1 is divided by 13.
7
Suppose 11*a - 13 = 75. What is the remainder when a is divided by 7?
1
Let s(l) = l**3 - 6*l**2 + 6*l + 2. Let o be s(5). Let g = o - 0. Suppose w = d - 19, 3*d - 4*w - 56 = -0*w. Calculate the remainder when d is divided by g.
6
Let q = -75 + 102. Calculate the remainder when 80 is divided by q.
26
Let m be 0 - 9 - (-3)/1. Let b(r) = r**3 + 1 + 6*r**2 + 7 + 0. What is the remainder when 23 is divided by b(m)?
7
Let a(l) = 29*l - 4. Let h be a(2). Let d = h - 29. Calculate the remainder when d is divided by 9.
7
Let d = -2 + 30. What is the remainder when 53 is divided by d?
25
Suppose -4*u = -g - 0*u + 98, 0 = -g - u + 78. Suppose 67 = 3*w - 3*b + b, 3*w - g = 5*b. Calculate the remainder when w is divided by 7.
5
Suppose -d - 4*d = 5*f, 8 = f + 3*d. Calculate the remainder when f/14 - 774/(-14) is divided by 171/6*(-8)/(-12).
17
Let l(k) = 4*k**3 - 25*k**2 - 18*k + 1. Let w(t) = 3*t**3 - 17*t**2 - 12*t + 1. Let r(s) = 5*l(s) - 7*w(s). Calculate the remainder when 8 is divided by r(-5).
2
Let s = 0 - 0. Suppose s = -2*f + 55 + 7. What is the remainder when f is divided by 16?
15
Suppose -7*z = -4*z - 207. What is the remainder when z is divided by 14?
13
Let l(b) = 7*b**2 - 2*b - 6. Let m be l(5). Suppose 5*k = 5*s + 2*k - m, -4*k = 5*s - 173. Calculate the remainder when s is divided by 9.
6
Let p be (2/(-4))/((-3)/6). Let g = p - -5. Calculate the remainder when 17 is divided by g.
5
Suppose 0 = -4*r + 20. Let d(g) = -g + 13. Calculate the remainder when d(0) is divided by r.
3
Suppose -2*q + 42 = -2*r, 0 = -q - 3*q + r + 93. Calculate the remainder when 45 is divided by q.
21
Let l = -9 - -9. Suppose l = -3*x - 4 + 40. What is the remainder when 33 is divided by x?
9
Let p be (-55)/(-5) + (2 - 0). Suppose 4*v - k + 6*k - 49 = 0, 3*v = k + p. Calculate the remainder when 22 is divided by v.
4
Let q(u) = -2*u**3 - 5*u**2 - 4*u + 1. Suppose 0 = -3*k - 2*c + 127, 5 = 2*c - 7*c. Suppose 7 = -3*o + k. Calculate the remainder when q(-3) is divided by o.
10
Suppose -8*n + 6*n + 48 = 0. Calculate the remainder when 42 is divided by n.
18
Suppose -7*g + g + 216 = 0. Calculate the remainder when 142 is divided by g.
34
Let h = -26 + 43. What is the remainder when 30 is divided by h?
13
Suppose 3*u + 0 = 6, b - 4*u = -4. Suppose b*j - 70 = -2. What is the remainder when j is divided by 9?
8
Let o = -5 + 10. Let r(y) = -y - 5. Let g be r(-11). Suppose 2*d = -10, 5*k - 60 = -g*d + d. What is the remainder when k is divided by o?
2
Let z(b) = 14*b**3 + 2*b**2 - 2*b - 1. Calculate the remainder when z(2) is divided by 29.
28
Let x = 11 + -8. Suppose p - s - 48 = 0, -4*p - x*s = -2*s - 177. What is the remainder when p is divided by 12?
9
Let b(i) = -i**3 + 8*i**2 + 10*i - 8. Let y be -3 - (-2)/((-8)/(-44)). What is the remainder when b(y) is divided by 19?
15
Suppose d = t - 4*d - 55, -65 = -3*t - 5*d. Calculate the remainder when t is divided by 16.
14
Let x = -131 + 150. What is the remainder when 112 is divided by x?
17
Suppose h - 3*s = 2*s - 52, 188 = -5*h + s. Let r = -18 - h. What is the remainder when 36 is divided by r?
17
Suppose 4*u - 4*c - 64 = 0, -6*u + 2*u = -3*c - 66. Calcu